common factor of a and i?
1
Let p(j) = -j**2 - 18*j - 64. Let y(a) = -a**2 - 19*a - 63. Let i(l) = -7*p(l) + 6*y(l). Let o be i(-15). Calculate the greatest common divisor of o and 253.
23
Let a = -8672 + 9328. Calculate the highest common factor of a and 2542.
82
Let x(s) = -s + 9. Let m be x(5). Suppose -5*c + 1 = -m*y, -c - 6*y = -7*y. Calculate the highest common factor of 49 and c.
1
Let n be 1407/1608*(0 - -48). What is the highest common factor of n and 315?
21
Suppose 5*d + 5*n = 25, 0*d + 2*d - 2*n - 6 = 0. Suppose -2*r + d = -4*v, -4*r - 5 = v - 22. What is the highest common divisor of 54 and r?
2
Suppose s - 3*d + 9 = 0, 32*s = 33*s + 5*d - 31. Calculate the greatest common factor of 7278 and s.
6
Let f = -36 + 66. Suppose 2*o = -2*o - 3*k - 334, 2*o + 3*k + 170 = 0. Let r = o - -92. Calculate the highest common factor of r and f.
10
Suppose -100352 = 4120*t - 4127*t. Calculate the highest common divisor of t and 56.
56
Let u be 5 - (-4 + (0 + -6)*61/(-122)). Calculate the greatest common divisor of u and 12858.
6
Suppose 12*g = -37*g + 2058. Suppose 5*i = -2*y - 726, -5*i + 6*i = -4*y - 138. Let s = 209 + i. What is the greatest common divisor of g and s?
21
Let q = -15 - -135. Suppose 0 = -5*y + q + 260. Let u = y + -43. Calculate the highest common divisor of 11 and u.
11
Suppose 0 = 4*x - 4*c - 8, 2*c + 0*c = -x + 14. Suppose 3*f + x = 6*f. Let h be 18*f - -1*(-3 - -1). Calculate the highest common factor of h and 34.
34
Suppose 42*a + 8112 = 380*a. Suppose l = 2*l - 48. What is the greatest common factor of l and a?
24
Suppose 0 = -2*p + 16. Suppose -p*r = -809 - 1111. What is the greatest common divisor of 20 and r?
20
Let w be (-3 + 1)*-8 + 4291. Calculate the highest common divisor of w and 118.
59
Suppose -6*s - 116 = -248. What is the greatest common factor of s and 550?
22
Let i be (422/7)/(84/147) + 3/(-2). What is the highest common factor of i and 143?
13
Let w be -6*-2*(629/4)/17. Calculate the highest common divisor of 1591 and w.
37
Let p be -1 + -1 + 215512/44. Suppose -3*b + p = 33*b. Calculate the greatest common factor of b and 34.
34
Let a = -5872 + 8734. What is the highest common factor of a and 54?
54
Suppose -401 = d - 407. What is the highest common divisor of 214 and d?
2
Let r be (-1)/(1 - 20/19). Let n(t) = 8*t + 13*t**2 + 2*t**3 - t**3 + 1 + 5*t + 1. Let v be n(-9). Calculate the highest common factor of r and v.
19
Let l = -2733 + 3381. What is the greatest common divisor of 1782 and l?
162
Suppose -5*k = 2*k - 3*k. Suppose -9*l + 2*l = k. Let o(t) = t**3 + 2*t**2 - 2*t + 39. Let j be o(l). Calculate the highest common factor of 52 and j.
13
Let q = 1036 + -943. Calculate the greatest common divisor of q and 11625.
93
Let u be (-612)/(-2) + (-25 - -24). Let c = 371 - u. Let m(b) = b**3 + 2*b**2 - 2*b. Let h be m(5). Calculate the greatest common factor of h and c.
33
Let s = -21 + 13. Let d(q) = -9 - 6*q + 13 - 3*q + 6*q - 5*q - q**2. Let x be d(s). What is the highest common divisor of 8 and x?
4
Let i = -31 - 30. Let u = -60 - i. Let w be u - 0 - (-2 + (-2 - -2)). Calculate the greatest common divisor of w and 2.
1
Let y = -119 + 213. Let a = y - 64. Let v = 1748 - 1673. What is the highest common divisor of v and a?
15
Suppose -3*x = 3*f - 1011, -2*f + 285*x - 282*x = -699. What is the highest common divisor of 304 and f?
38
Suppose 808 = -3*g + 829, -z + 5*g = -36. What is the greatest common divisor of z and 9?
1
Let q = 14454 - 14444. Calculate the highest common factor of q and 4010.
10
Let w = -599 - -602. Suppose 0*t - 4*t + 36 = 3*y, -4*y + w*t = -73. What is the highest common factor of 136 and y?
8
Suppose -10*t + 5*t + 8450 = 5*f, -8480 = -5*t + f. Calculate the highest common divisor of 15 and t.
15
Suppose 4*o + 3*d = 623, 6*o = 2*o - 5*d + 633. Let k(h) = -9*h - 4. Let t be k(-1). Suppose 15*i - t*i = 380. Calculate the highest common factor of o and i.
38
Suppose -5*k + 5*s + 2050 = 0, -1214 = -3*k - 0*k - 5*s. Suppose 2*i = 8*i - k. Calculate the highest common divisor of i and 255.
17
Let a(j) = -86*j**2 - 861*j + 11. Let g be a(-10). Suppose -c + 19 + 9 = 0. What is the greatest common factor of g and c?
7
Let l(p) = -132*p + 119. Let t be l(-34). What is the greatest common factor of 17 and t?
17
Let z(d) be the third derivative of -15*d**2 - 14/3*d**3 - 5/12*d**4 + 0*d + 0. Let q be z(-7). What is the greatest common factor of 336 and q?
42
Let s be ((-25)/10)/((-9)/774 - 0). What is the greatest common divisor of 10 and s?
5
Suppose -6*x = -12*x + 36. Suppose 0 = -13*a - x + 45. Let s be ((-42)/a)/(2/(-5)). What is the greatest common divisor of s and 14?
7
Let i be (184 + -617)*(4/3)/(2/(-42)). What is the highest common factor of i and 7?
7
Let y be (-45 + 49)*11/4. What is the highest common factor of 5 and y?
1
Let d = 263 + 133. Let g be (-3)/12 + 55/(-4). Let i = 22 - g. Calculate the highest common divisor of d and i.
36
Let k be ((-45)/6)/((-1)/14). Suppose -5*q + 0*q = -k. Let x(y) = y**3 - 22*y**2 + 22*y + 6. Let r be x(q). Calculate the highest common factor of r and 18.
9
Let h be 734 + (-21)/((-294)/112). Calculate the greatest common divisor of 56 and h.
14
Let n = -60 + 62. Let s be -1 - (-5 + -2 + n). Suppose -152 = -5*h - i, h - i - 46 = s*i. What is the highest common divisor of h and 93?
31
Suppose 10*b + 30*b - 5440 = 0. What is the greatest common divisor of 2208 and b?
8
Suppose -5*a = -p + 629, -1325*p - 4*a = -1324*p - 548. Calculate the greatest common factor of p and 1898.
146
Suppose -90060 = 1576*v - 1606*v. What is the greatest common factor of 76 and v?
38
Let w be 910/117 - (-4)/18. Suppose w*f + s = 6*f + 37, -s = 5. What is the greatest common factor of 168 and f?
21
Let w = -8973 - -10637. What is the greatest common divisor of 104 and w?
104
Suppose 0 = -j + 11 - 57. Let l = j - -84. Let w = l + -23. Calculate the greatest common divisor of 15 and w.
15
Suppose -q - 2*q + 4*v = -7359, -4*q + 2*v + 9812 = 0. Suppose -10*a = -q - 27. Let k = -24 - -55. What is the highest common factor of a and k?
31
Let d(c) = -c**3 - 29*c**2 - 28*c + 16. Let w be -4*4/(24/42). Let f be d(w). What is the greatest common divisor of f and 496?
16
Let j(l) be the second derivative of -l**3/6 + 9*l**2 - 2*l. Let v be j(11). Let u be (v/(-4))/(2/(-24)*3). Calculate the greatest common divisor of u and 28.
7
Suppose 3*a + 1 = -4*q + 13, 0 = q - 3*a - 18. Let u(l) = 9*l - 48. Let f be u(q). What is the highest common divisor of f and 6?
6
Let j(v) = -2*v**2 - 5 - 13 - 31*v - 2 + 7*v. Let y be j(-11). Let m = 1 - -1. What is the greatest common divisor of m and y?
2
Let f = -8136 - -9159. What is the highest common divisor of 155 and f?
31
Suppose 3215*u + 1350 = 3233*u. Calculate the greatest common factor of u and 10200.
75
Suppose -2174*g + 2213*g - 1791 = 4761. Calculate the greatest common factor of 987 and g.
21
Let b = 6270 + -6194. What is the greatest common factor of 437 and b?
19
Let v(i) be the first derivative of 9*i**2 - 18*i - 46. Let o be v(2). Calculate the greatest common divisor of o and 42.
6
Let v(l) = l**2 + 2*l - 14. Let a be v(-7). Let y be (2/((-14)/(-21)))/(1/a). What is the highest common factor of 21 and y?
21
Suppose 3*z + 5*d - 17 - 24 = 0, -9 = z - 4*d. Let j be (-1)/(-6) - ((-94)/12 - -8). Let r = j + z. Calculate the highest common factor of 14 and r.
7
Suppose -53*s = -6245 - 1864. Calculate the highest common factor of 2907 and s.
153
Let p(m) be the second derivative of m**3/3 - 12*m**2 - 12*m. Let k be p(14). Suppose -2*v - 31 + 119 = 0. What is the highest common factor of k and v?
4
Suppose 5*u + 5*s = 40, 4*s = u - 19 - 9. Suppose 240 = 16*h - u*h. Calculate the highest common divisor of h and 45.
15
Let t(d) = -111*d**3 + 3*d**2 + 62*d + 193. Let r be t(-4). Calculate the highest common divisor of r and 141.
47
Suppose -3*k = -5*k + 3*i - 14, -4*i = k - 15. Let v(f) = 0 + 8 - 3 + 2*f. Let z be v(k). What is the highest common divisor of z and 3?
3
Suppose -10*c - 52 = -12*c. Suppose c*g - 11*g - 90 = 0. What is the highest common divisor of g and 12?
6
Let a = 18102 + -17629. What is the highest common divisor of a and 2623?
43
Suppose -c + 5*a - 4 + 21 = 0, 3*c - 5*a = 21. Suppose -3*n - c*n = 365. Let h = 109 - n. Calcula